divided by b(-17).
18
Suppose 5*t = m - 90 + 766, -684 = -5*t - m. What is the remainder when t is divided by 18?
10
Suppose -450 = -147*q + 145*q. What is the remainder when q is divided by 19?
16
Suppose -2*p + 1 + 3 = 0. Suppose -p*q + 35 = 5. Suppose -a = -5*i + 1, -10 = -2*a - 10*i + 14*i. What is the remainder when q is divided by a?
6
Let r(j) = 7*j**3 + 2*j**2 - 1. Let l be r(-1). What is the remainder when 16 is divided by 165/35 - l/21?
1
Suppose -q = -5*a + q + 126, a = 5*q + 39. Suppose g + g - 2*w = a, -36 = -4*g - 2*w. What is the remainder when 37 is divided by g?
7
Calculate the remainder when 645 is divided by ((-3840)/(-45))/((-8)/(-12)).
5
Let l(j) = -j**3 + 3*j**2 + 6*j + 4. Suppose -2*z + 6*z = 24. Suppose z = 4*c - 22. What is the remainder when l(4) is divided by c?
5
Suppose -6*r + 11*r = 3*t - 44, 3*t = -r + 74. What is the remainder when 113 is divided by t?
21
Calculate the remainder when 94 + -10 + 0 + -7 is divided by 40.
37
What is the remainder when 215 is divided by (28/56)/((-6)/(-48))?
3
Let k(f) = 15*f + 5. Calculate the remainder when k(1) is divided by 3.
2
Suppose -2*o + 22 = 12, -3*r - 2*o = -220. What is the remainder when 488 is divided by r?
68
Let v(h) = 4*h - 36. Let w be v(18). Let l = -18 + w. What is the remainder when 67 is divided by l?
13
What is the remainder when 107 is divided by 594/(-11 - -22) + (-2)/1?
3
Let z(j) = 3*j**2 + 24*j - 5. Let u be z(-10). Let g = u - -132. Suppose -4*a = c - g, 2*a - 6*a = -5*c - 169. What is the remainder when a is divided by 12?
10
Suppose -76 = -5*z + 34. Calculate the remainder when z is divided by ((-6)/15)/((-5)/50).
2
Let m = -62 - -98. Let q(a) = a**2 - 16*a - 46. Let r be q(19). Suppose r*s + 104 = 19*s. Calculate the remainder when m is divided by s.
10
Suppose 5*j = 2*j + 24. Suppose 4*w - 430 = 2*u, -2*u + j = w - 87. Calculate the remainder when w is divided by 36.
33
Suppose -9*h + 14*h = 2585. What is the remainder when h is divided by 14?
13
Let a(s) = -10*s - 71. What is the remainder when 201 is divided by a(-10)?
27
Let l = 4 + 2. What is the remainder when 17 is divided by ((-3)/l)/(2 + (-135)/66)?
6
Let l = 53 - 38. Suppose 123 = 5*i - 2*i - 4*f, 0 = 5*f + l. What is the remainder when 110 is divided by i?
36
Suppose -3*s - 78 = -123. Suppose -x + s = 2. Calculate the remainder when 50 is divided by x.
11
Suppose 0 = 2*c + 4, 3*j - 5*c = 40 + 87. What is the remainder when 142 is divided by j?
25
Suppose -7*k + 12*k + 5*u - 100 = 0, -5 = 2*k - 7*u. Calculate the remainder when 2158 is divided by k.
13
Let s(y) = 9*y - 241. What is the remainder when s(32) is divided by 15?
2
Calculate the remainder when 66 is divided by (13/(-3))/((-32)/192).
14
Let v(x) = x**2 - 6*x - 8. Let u be v(6). Let g(i) = -i**3 - 8*i**2 + 13. What is the remainder when 51 is divided by g(u)?
12
Let c = 1250 - 837. What is the remainder when c is divided by 16?
13
Let m(d) = -8*d + 66*d - 7*d - 21. Calculate the remainder when m(3) is divided by 34.
30
Let w = 7 + -3. Let c(x) be the first derivative of x**3/3 + x**2 - 6*x + 109. What is the remainder when 88 is divided by c(w)?
16
Let f = -70 - -73. Suppose -3*s - 26 = -4*p, -3*p - p + 2*s = -24. Suppose v - p*q - 4 = -4*q, 2*v - 33 = -3*q. What is the remainder when v is divided by f?
0
Let a = -1097 + 1273. What is the remainder when a is divided by 23?
15
Let q be (1 + 1)/(6/(-42)). Let w(b) = -5*b**2 + 1. Let a be w(-3). Let n = q - a. Calculate the remainder when n is divided by 11.
8
Let o(z) = -z**3 - 7*z**2 + 8*z - 6. Let q be o(-8). Let b = q - -10. What is the remainder when 1 is divided by (-1)/b*(-8)/2?
0
Suppose -5*l - 2*i = -98, 0 = -0*i + i + 1. Let a = l + -12. What is the remainder when a is divided by 6?
2
Suppose -3*l + 34 = -2*k + 3*k, 0 = -2*l - 6. Let u = 26728 + -26645. What is the remainder when u is divided by k?
40
Let p(u) = -u**3 + 7*u**2 + 15*u + 37. Suppose 6*y = 2*r + 3*y - 77, 5*y + 153 = 4*r. What is the remainder when r is divided by p(9)?
7
Suppose -3*n - 2*y + 164 = 0, 5*y - 3*y = 3*n - 160. Let g(r) = -r + 18. Let p be g(11). Let a = 18 - p. What is the remainder when n is divided by a?
10
Let s = 91 - 78. Let j be 4 + (-1 - (-3 + 2)). Suppose -3*g = j*p - 16, 2*p + g + 3 = s. What is the remainder when 9 is divided by p?
2
Let h be 0 + 2/(218/(-74) + 3). Let m = 67 - h. What is the remainder when m is divided by 16?
14
Suppose 2*k - 464 - 362 = 0. Calculate the remainder when k is divided by 136.
5
Suppose 0 = 2*i - n - 3, 0 = -16*n + 20*n - 12. What is the remainder when 5 is divided by i?
2
Let c = 34 + -37. Let f(i) = i**3 + 6*i**2 + 6*i - 4. Calculate the remainder when (-3 - 0) + 5*4 is divided by f(c).
2
Let f(o) = 5*o**2 + o. Let w(k) = -3*k - 3. Let c be w(-2). What is the remainder when 141 is divided by f(c)?
45
Suppose -5*a - 640 = -5*d, 3*d - 109*a = -108*a + 374. Calculate the remainder when d is divided by 10.
3
Let r(m) = m + 24. Let s(o) = -o**3 + 8*o**2 + 5*o - 13. Let u be s(7). Let q = -62 + u. What is the remainder when r(0) is divided by q?
6
Let t = -1 + 3. Suppose -t*c = -5*m - 24 - 19, 5*c = -4*m + 157. What is the remainder when 113 is divided by c?
26
Suppose 0 = -15*p + 16*p - 19. Suppose -6*f + 4*r = -f, -2*f = r - 13. What is the remainder when p is divided by f?
3
Let n(b) = 2*b + 22. Let d be n(-11). Suppose 13*p + d*p = 195. What is the remainder when 25 is divided by p?
10
Let j = 25 + -21. Calculate the remainder when (-16)/j + 78/2 is divided by 13.
9
Let o(q) = -10*q**2 - 12*q + 9*q**2 - 13 - 9. Let c be o(-9). Suppose -2*d = 5*v + d - 55, -c*v = -3*d - 55. What is the remainder when v is divided by 2?
1
Let z = -853 - -1036. Calculate the remainder when z is divided by 24.
15
Suppose 0 = -24*h + 3*h + 2163. Calculate the remainder when 381 is divided by h.
72
Suppose -1 = 6*g + 53. Let a(y) = y**2 + 2*y + 15. Calculate the remainder when a(g) is divided by 16.
14
Let p(w) be the third derivative of w**6/24 - w**5/20 + 14*w**2. Let a be ((-2)/5)/((-4)/20). What is the remainder when p(a) is divided by 15?
13
Let t be 156/15 - (-4)/(-10). Let s(c) = c**3 + c**3 - t*c**2 + 1 - c**3. What is the remainder when 2 is divided by s(10)?
0
Let f(b) = -b**2 + 37. Let y(g) = g + 7. Let o be y(-5). Suppose -12 = -3*l, o*l - 24 = -2*a + l. What is the remainder when f(0) is divided by a?
7
Suppose 6 = -18*k + 78. Let t(j) = -j**2 + 8*j + 8. Let g(a) = -9*a**3 - a**2 - a - 1. Let r be g(-1). Calculate the remainder when t(r) is divided by k.
0
Suppose 2*n - 4*n = -18. Suppose 2*b - n = -b. Suppose -5*f = b*t - 16 - 7, t - 41 = 5*f. Calculate the remainder when t is divided by 9.
7
Let g(f) = -5 - 27*f + 18*f**3 + 11*f + 16*f**2 - 19*f**3 - 31*f**2. What is the remainder when g(-14) is divided by 9?
5
Let i = -15 + 65. What is the remainder when i is divided by 14?
8
Let o be (6 - (-119)/(-21)) + 11/3. Suppose c - 5*b - 14 = 0, 99 = 2*c + c + o*b. What is the remainder when 82 is divided by c?
24
Let w(s) = -2*s**2 + 10*s + 17. Let v be (13 - 7)*(-2)/(-6)*3. What is the remainder when 16 is divided by w(v)?
1
Calculate the remainder when 102 is divided by (6/(-9))/(4*(-9)/1404).
24
Let r(t) = -4*t + 10. Let d be r(-7). Let a = 13 + d. Calculate the remainder when a is divided by 14.
9
Let l = -7342 - -7355. Suppose 0 = 3*u + 2*u - 3*g - 34, 0 = -u + 2*g + 4. Calculate the remainder when l is divided by u.
5
Let t = 34 - 58. What is the remainder when 33 is divided by (t/14)/(2/(-21))?
15
Let l = 41 + -30. What is the remainder when 97 is divided by ((-10)/5)/((-2)/l)?
9
Suppose 14*c - 1522 - 7060 = 0. Calculate the remainder when c is divided by 56.
53
Calculate the remainder when 60 is divided by 120/400 + 167/10.
9
Suppose -4*f + 74 = -46. Let d be (1 - 0) + (-9 - -11). Let a(t) = 11*t**2 - 6*t + 6. What is the remainder when a(d) is divided by f?
27
Suppose 4*d - 20 = 0, -4*t + 529 = 2*d + 175. Let r = -1185 - -1207. Calculate the remainder when t is divided by r.
20
Let u = -13 - -17. Suppose 5*s = 6*s - u. Let b(y) = 7*y - 2. Calculate the remainder when b(s) is divided by 9.
8
Suppose -25*p = -3144 + 94. What is the remainder when p is divided by 101?
21
Let h = 658 - 648. Suppose 4*u + 25 = k, 4*u + 29 = 4*k - 83. Calculate the remainder when 